{"id":31,"date":"2018-01-19T21:46:21","date_gmt":"2018-01-19T21:46:21","guid":{"rendered":"http:\/\/jungengymnasium-wattenscheid.de\/?page_id=31"},"modified":"2018-01-23T22:55:33","modified_gmt":"2018-01-23T22:55:33","slug":"satzung","status":"publish","type":"page","link":"https:\/\/ves-mswat.de\/?page_id=31","title":{"rendered":"Satzung"},"content":{"rendered":"<h1 align=\"left\">Satzung<\/h1>\n<p align=\"left\"><span style=\"font-family: Arial, Helvetica, sans-serif;\"><span style=\"font-size: medium;\">Der Vereinigung ehemaliger Sch\u00fcler und Sch\u00fclerinnen sowie der Freunde der M\u00e4rkischen Schule e.V.<\/span><\/span><\/p>\n<p align=\"left\"><span style=\"font-family: Arial, Helvetica, sans-serif;\"><span style=\"font-size: medium;\"><span style=\"font-size: large;\">\u00a71 Name und Sitz<\/span><\/span><\/span><\/p>\n<p align=\"left\"><span style=\"font-family: Arial, Helvetica, sans-serif;\"><span style=\"font-size: medium;\">Der gemeinn\u00fctzige Verein f\u00fchrt den Namen &#8222;Vereinigung ehemaliger Sch\u00fcler und Sch\u00fclerinnen sowie der Freunde der M\u00e4rkischen Schule Wattenscheid&#8220; (VES) und hat seinen Sitz in Bochum-Wattenscheid. Er verfolgt gemeinn\u00fctzige Zwecke i.S. des Abschnitts \u00fcber steuerbeg\u00fcnstigte Zwecke der AO. Der Verein ist im Vereinsregister einzutragen.<\/span><\/span><\/p>\n<p align=\"left\"><span style=\"font-family: Arial, Helvetica, sans-serif;\"><span style=\"font-size: medium;\"><span style=\"font-size: large;\">\u00a72 Aufgaben<\/span> <\/span><\/span><\/p>\n<p align=\"left\"><span style=\"font-family: Arial, Helvetica, sans-serif;\"><span style=\"font-size: medium;\">Der Zweck des Vereins ist, die M\u00e4rkische Schule sowohl finanziell als auch ideell zu unterst\u00fctzen.<br \/>\nDieser Zweck soll insbesondere durch F\u00f6rderung der Arbeit und der Einrichtungen der M\u00e4rkischen Schule, durch die Unterst\u00fctzung von Veranstaltungen (beispielsweise Studienfahrten, Betriebspraktika) sowie durch F\u00f6rderung von bed\u00fcrftigen und besonders begabten Sch\u00fclern verwirklicht werden. <\/span><\/span><\/p>\n<p align=\"left\"><span style=\"font-family: Arial, Helvetica, sans-serif;\"><span style=\"font-size: large;\">\u00a73 Mitgliedschaft<\/span><\/span><\/p>\n<p align=\"left\"><span style=\"font-family: Arial, Helvetica, sans-serif;\"><span style=\"font-size: medium;\">Mitglied des Vereins kann jede nat\u00fcrliche und juristische Person werden. Der Verein wendet sich in erster Linie an die ehemaligen Sch\u00fcler und Sch\u00fclerinnen der M\u00e4rkischen Schule in Bochum-Wattenscheid, ist zugleich aber auch interessiert an weiteren Mitgliedern, die die satzungsgem\u00e4\u00dfen Aufgaben des Vereins f\u00f6rdern wollen.<br \/>\nDer Beitritt zum Verein ist schriftlich zu erkl\u00e4ren. Die Aufnahme erfolgt durch Beschluss des Vorstandes und wird von diesem best\u00e4tigt. \u00dcber den Erwerb der Ehrenmitgliedschaft entscheidet die Mitgliederversammlung Die Mitgliedschaft erlischt durch a) Tod, b) Austritt, c) Ausschluss. Der Austritt ist dem Vorstand schriftlich mitzuteilen; er kann nur zum Ende eines Kalenderjahres erkl\u00e4rt werden.<br \/>\nDurch Beschluss des Vorstandes kann ein Mitglied aus dem Verein ausgeschlossen werden, wenn ein wichtiger Grund vorliegt. Ausschlie\u00dfungsgr\u00fcnde sind insbesondere grobe Verst\u00f6\u00dfe gegen die Satzung und die Interessen des Vereins. Der Ausschluss darf erst nach vorheriger Warnung und Ank\u00fcndigung ausgesprochen werden. Das betroffene Mitglied kann hiergegen schriftlich Einspruch einlegen, \u00fcber den die Mitgliederversammlung zu entscheiden hat. <\/span><\/span><\/p>\n<p align=\"left\"><span style=\"font-family: Arial, Helvetica, sans-serif;\"><span style=\"font-size: large;\">\u00a74 Beitr\u00e4ge und Spenden<\/span><\/span><\/p>\n<p align=\"left\"><span style=\"font-family: Arial, Helvetica, sans-serif;\"><span style=\"font-size: medium;\">Der Verein ist selbstlos t\u00e4tig. Er verfolgt nicht in erster Linie eigenwirtschaftliche Zwecke. Mittel des Verein d\u00fcrfen nur f\u00fcr die satzungsgem\u00e4\u00dfen Zwecke eingesetzt werden. Die Mitglieder erhalten keine Zuwendungen aus den Mitteln des Vereins.<br \/>\nEs darf keine Person durch Ausgaben, die dem Vereinszweck fremd sind, oder durch unverh\u00e4ltnism\u00e4\u00dfig hohe Verg\u00fctungen beg\u00fcnstigt werden. Die H\u00f6he des Mitgliedbeitrages setzt die Mitgliederversammlung fest. Die Mitglieder k\u00f6nnen \u00fcber die Beitragspflicht hinaus dem Verein Spenden zukommen lassen. Der Beitrag kann durch besondere Vereinbarung mit dem Vorstand herabgesetzt oder erlassen werden. <\/span><\/span><\/p>\n<p align=\"left\"><span style=\"font-family: Arial, Helvetica, sans-serif;\"><span style=\"font-size: large;\">\u00a75 Gesch\u00e4ftsjahr<\/span><\/span><\/p>\n<p align=\"left\"><span style=\"font-family: Arial, Helvetica, sans-serif;\"><span style=\"font-size: medium;\">Gesch\u00e4ftsjahr ist das Kalenderjahr. <\/span><\/span><\/p>\n<p align=\"left\"><span style=\"font-family: Arial, Helvetica, sans-serif;\"><span style=\"font-size: large;\">\u00a76 Vereinsorgane<\/span><\/span><\/p>\n<p align=\"left\"><span style=\"font-family: Arial, Helvetica, sans-serif;\"><span style=\"font-size: medium;\">Die Organe des Vereins sind<br \/>\na) die Mitgliederversammlung<br \/>\nb) der Vorstand<br \/>\nc) der Beirat<\/span><\/span><\/p>\n<p align=\"left\"><span style=\"font-family: Arial, Helvetica, sans-serif;\"><span style=\"font-size: large;\">\u00a77 Mitgliederversammlung<\/span><\/span><\/p>\n<p align=\"left\"><span style=\"font-family: Arial, Helvetica, sans-serif;\"><span style=\"font-size: medium;\">Die Mitgliederversammlung setzt sich zusammen aus der Gesamtheit der Mitglieder.<br \/>\nEine ordentliche Mitgliederversammlung soll j\u00e4hrlich stattfinden. Sie wird durch schriftliche Mitteilung an alle Mitglieder einberufen. Die Einberufung muss mindestens acht Tage vor dem Versammlungstermin erfolgen und die vom Vorstand (\u00a78) festgelegte Tagesordnung enthalten. Au\u00dferordentliche Mitgliederversammlungen m\u00fcssen auf Beschluss des Vorstandes oder auf Antrag von 1\/3 der Mitglieder unter Angabe der Tagesordnung unverz\u00fcglich einberufen werden.<\/span><\/span><\/p>\n<p align=\"left\"><span style=\"font-family: Arial, Helvetica, sans-serif;\"><span style=\"font-size: medium;\">Die Mitgliederversammlung beschlie\u00dft insbesondere \u00fcber<br \/>\na) Wahl des Vorstandes<br \/>\nb) Entlastung des Vorstandes<br \/>\nc) die Genehmigung des Gesch\u00e4ftsberichtes<br \/>\nd) Satzungs\u00e4nderungen<br \/>\ne) Festsetzung der Mitgliedsbeitr\u00e4ge<br \/>\nf) Antr\u00e4ge des Vorstandes und der Mitglieder<br \/>\ng) Aufl\u00f6sung des Vereins<\/span><\/span><\/p>\n<p align=\"left\"><span style=\"font-family: Arial, Helvetica, sans-serif;\"><span style=\"font-size: medium;\"><br \/>\nDie Entlastung des Vorstandes und die Genehmigung des Gesch\u00e4ftsberichtes k\u00f6nnen erst erfolgen, wenn ein Bericht von zwei Kassenpr\u00fcfern vorliegt, die allj\u00e4hrlich von der Mitgliederversammlung zu w\u00e4hlen sind.<\/span><\/span><\/p>\n<p align=\"left\"><span style=\"font-family: Arial, Helvetica, sans-serif;\"><span style=\"font-size: medium;\">Die Mitgliederversammlung ist beschlussf\u00e4hig, wenn ordnungsgem\u00e4\u00df (unter Wahrung von Form und Frist) dazu eingeladen worden ist. Beschl\u00fcsse, durch die die Satzung ge\u00e4ndert wird, und Beschl\u00fcsse \u00fcber die Aufl\u00f6sung des Vereins bed\u00fcrfen einer Mehrheit von \u00be der erschienenen Mitglieder.<\/span><\/span><\/p>\n<p align=\"left\"><span style=\"font-family: Arial, Helvetica, sans-serif;\"><span style=\"font-size: large;\">\u00a78 Vorstand<\/span><\/span><\/p>\n<p align=\"left\"><span style=\"font-family: Arial, Helvetica, sans-serif;\"><span style=\"font-size: medium;\">Der Vorstand setzt sich zusammen aus<br \/>\na) dem 1.Vorsitzenden<br \/>\nb) seinem Stellvertreter<br \/>\nc) dem Schatzmeister<br \/>\nd) dem 1. Schriftf\u00fchrer<br \/>\ne) dem 2. Schriftf\u00fchrer<br \/>\nDer Vorstand wird f\u00fcr drei Jahre von der ordentlichen Mitglieder-versammlung in je einem Wahlgang mit einfacher Stimmenmehrheit gew\u00e4hlt. Auf Antrag auch nur eines Mitgliedes erfolgt die Wahl in geheimer Abstimmung. Der 1.Vorsitzende und sein Stellvertreter vertreten den Verein gerichtlich und au\u00dfergerichtlich in allen Vereinsangelegenheiten (\u00a726 Abs. 2 BGB). Im Innenverh\u00e4ltnis gilt, dass der stellvertretende Vorsitzende den verein nur dann vertreten soll, wenn der 1. Vorsitzende verhindert ist:<br \/>\nDer Vorstand beschlie\u00dft mit einfacher Stimmenmehrheit \u00fcber alle Angelegenheiten des Vereins, soweit nicht Beirat oder die Mitgliederversammlung zust\u00e4ndig sind. Der Vorstand ist beschlussf\u00e4hig, wenn neben dem 1.Vorsitzenden oder in seiner Vertretung neben dem stellvertretenden Vorsitzenden mindestens zwei weitere Vorstandsmitglieder anwesend sind. Bei Beschlussunf\u00e4higkeit ist eine zweite Sitzung einzuberufen, die unabh\u00e4ngig von der Zahl der erschienenen Vorstandsmitglieder beschlussf\u00e4hig ist. Der Vorstand hat j\u00e4hrlich zur ordentlichen Mitgliederversammlung einen Gesch\u00e4ftsbericht zu erstatten. Die Vorstandsmitglieder \u00fcben ihr Amt ehrenamtlich aus. Sie erhalten keine Verg\u00fctung, abgesehen von den ersetzbaren Auslagen.<\/span><\/span><\/p>\n<p align=\"left\"><span style=\"font-family: Arial, Helvetica, sans-serif;\"><span style=\"font-size: large;\">\u00a79 Beirat<\/span><\/span><\/p>\n<p align=\"left\"><span style=\"font-family: Arial, Helvetica, sans-serif;\"><span style=\"font-size: medium;\">Zur Unterst\u00fctzung des Vorstandes bei der Durchf\u00fchrung der dem Verein obliegenden Aufgaben kann ein Beirat gew\u00e4hlt werden, dessen Mitglieder-zahl durch die Mitgliederversammlung bestimmt wird. Die Wahl der Beiratsmitglieder erfolgt durch die Mitgliederversammlung auf Vorschlag des Vorstandes f\u00fcr die Dauer von drei Jahren. Der Beirat hat beratende Aufgaben. Er tritt mindestens halbj\u00e4hrig zusammen und wird vom 1.Vorsitzenden des Vorstandes einberufen. Das Amt des Beiratsmitgliedes ist ein Ehrenamt. Die Mitglieder erhalten keine Verg\u00fctung, abgesehen von den ersetzbaren Auslagen.<\/span><\/span><\/p>\n<p align=\"left\"><span style=\"font-family: Arial, Helvetica, sans-serif;\"><span style=\"font-size: large;\">\u00a710 Gesch\u00e4ftsf\u00fchrung<\/span><\/span><\/p>\n<p align=\"left\"><span style=\"font-family: Arial, Helvetica, sans-serif;\"><span style=\"font-size: medium;\">Es kann eine besondere Gesch\u00e4ftsstelle f\u00fcr den Verein eingerichtet werden. Der Gesch\u00e4ftsf\u00fchrer wird ggf. vom Vorstand bestellt und entlassen. Er unterliegt bei seiner T\u00e4tigkeit den Weisungen des Vorstandes. Der Gesch\u00e4ftsf\u00fchrer f\u00fchrt sein Amt ehrenamtlich aus. Von der Erstattung ersetzbarer Auslagen abgesehen, erh\u00e4lt er keine Verg\u00fctung.<\/span><\/span><\/p>\n<p align=\"left\"><span style=\"font-family: Arial, Helvetica, sans-serif;\"><span style=\"font-size: large;\">\u00a711 Protokollpflicht<\/span><\/span><\/p>\n<p align=\"left\"><span style=\"font-family: Arial, Helvetica, sans-serif;\"><span style=\"font-size: medium;\">\u00dcber die Beschl\u00fcsse der Mitgliederversammlung ist ein Protokoll aufzunehmen, das vom Verhandlungsleiter und dem bestellten Schriftf\u00fchrer zu unterzeichnen ist.<\/span><\/span><\/p>\n<p align=\"left\"><span style=\"font-family: Arial, Helvetica, sans-serif;\"><span style=\"font-size: large;\">\u00a712 Schuldenhaftung<\/span><\/span><\/p>\n<p align=\"left\"><span style=\"font-family: Arial, Helvetica, sans-serif;\"><span style=\"font-size: medium;\">F\u00fcr die Verbindlichkeiten des Vereins haftet das Vereinsverm\u00f6gen. Ausgeschiedene Mitglieder haften f\u00fcr die bis zu ihrem Ausscheiden f\u00e4lligen Beitr\u00e4ge. Auf das Vereinsverm\u00f6gen haben ausgeschiedene Mitglieder keinen Anspruch.<\/span><\/span><\/p>\n<p align=\"left\"><span style=\"font-family: Arial, Helvetica, sans-serif;\"><span style=\"font-size: large;\">\u00a713 Ver\u00f6ffentlichungen<\/span><\/span><\/p>\n<p align=\"left\"><span style=\"font-family: Arial, Helvetica, sans-serif;\"><span style=\"font-size: medium;\">Die Ver\u00f6ffentlichungen des Vereins erfolgen in der \u00f6rtlichen Tagespresse.<\/span><\/span><\/p>\n<p align=\"left\"><span style=\"font-family: Arial, Helvetica, sans-serif;\"><span style=\"font-size: large;\">\u00a714 Mitteilungsblatt<\/span><\/span><\/p>\n<p align=\"left\"><span style=\"font-family: Arial, Helvetica, sans-serif;\"><span style=\"font-size: medium;\">Der Verein gibt in unregelm\u00e4\u00dfigen Abst\u00e4nden, m\u00f6glichst aber einmal j\u00e4hrlich, ein Mitteilungsblatt heraus, das allen Mitgliedern zugestellt wird.<\/span><\/span><\/p>\n<p align=\"left\"><span style=\"font-family: Arial, Helvetica, sans-serif;\"><span style=\"font-size: large;\">\u00a715 Verwendung des Verm\u00f6gens<\/span><\/span><\/p>\n<p align=\"left\"><span style=\"font-family: Arial, Helvetica, sans-serif;\"><span style=\"font-size: medium;\">Das Verm\u00f6gen des Vereins kann nur f\u00fcr satzungsgem\u00e4\u00dfe Zwecke verwendet werden.<\/span><\/span><\/p>\n<p align=\"left\"><span style=\"font-family: Arial, Helvetica, sans-serif;\"><span style=\"font-size: large;\">\u00a716 Aufl\u00f6sung des Vereins<\/span><\/span><\/p>\n<p align=\"left\"><span style=\"font-family: Arial, Helvetica, sans-serif;\"><span style=\"font-size: medium;\">Die Aufl\u00f6sung des Vereins kann nur von einer satzungsgem\u00e4\u00df einberufenen Mitgliederversammlung unter Einhaltung der Bestimmungen des \u00a77 beschlossen werden. F\u00fcr den Fall der Aufl\u00f6sung oder Aufhebung des Vereins oder bei Wegfall seines bisherigen Zweckes oder des steuerbeg\u00fcnstigten Zweckes f\u00e4llt das gesamte Vereinsverm\u00f6gen an den jeweiligen Schultr\u00e4ger, der das Verm\u00f6gen f\u00fcr die M\u00e4rkische Schule oder ihre Rechtsnachfolgerin zu verwenden hat.<\/span><\/span><\/p>\n","protected":false},"excerpt":{"rendered":"<p>Satzung Der Vereinigung ehemaliger Sch\u00fcler und Sch\u00fclerinnen sowie der Freunde der M\u00e4rkischen Schule e.V. \u00a71 Name und Sitz Der gemeinn\u00fctzige Verein f\u00fchrt den Namen &#8222;Vereinigung ehemaliger Sch\u00fcler und Sch\u00fclerinnen sowie der Freunde der M\u00e4rkischen Schule Wattenscheid&#8220; (VES) und hat seinen<\/p>\n","protected":false},"author":1,"featured_media":0,"parent":0,"menu_order":0,"comment_status":"closed","ping_status":"closed","template":"","meta":{"footnotes":""},"class_list":["post-31","page","type-page","status-publish","hentry"],"_links":{"self":[{"href":"https:\/\/ves-mswat.de\/index.php?rest_route=\/wp\/v2\/pages\/31","targetHints":{"allow":["GET"]}}],"collection":[{"href":"https:\/\/ves-mswat.de\/index.php?rest_route=\/wp\/v2\/pages"}],"about":[{"href":"https:\/\/ves-mswat.de\/index.php?rest_route=\/wp\/v2\/types\/page"}],"author":[{"embeddable":true,"href":"https:\/\/ves-mswat.de\/index.php?rest_route=\/wp\/v2\/users\/1"}],"replies":[{"embeddable":true,"href":"https:\/\/ves-mswat.de\/index.php?rest_route=%2Fwp%2Fv2%2Fcomments&post=31"}],"version-history":[{"count":1,"href":"https:\/\/ves-mswat.de\/index.php?rest_route=\/wp\/v2\/pages\/31\/revisions"}],"predecessor-version":[{"id":32,"href":"https:\/\/ves-mswat.de\/index.php?rest_route=\/wp\/v2\/pages\/31\/revisions\/32"}],"wp:attachment":[{"href":"https:\/\/ves-mswat.de\/index.php?rest_route=%2Fwp%2Fv2%2Fmedia&parent=31"}],"curies":[{"name":"wp","href":"https:\/\/api.w.org\/{rel}","templated":true}]}}